r when 98 + 14 + -8 + -28 is divided by v?
18
Let q(n) = n**3 - 74*n**2 - 846*n + 9. Let p = 121 - 86. Calculate the remainder when q(-10) is divided by p.
34
Let m = 192 + -36. Calculate the remainder when m is divided by ((-1)/3)/(92/(-8832)).
28
Suppose 0 = 2*w - 2 - 12. Let r = 261 + -262. Calculate the remainder when 12/9 + r/(-3)*284 is divided by w.
5
Suppose 25276 = 117*j - 73706. What is the remainder when j is divided by 67?
42
Let y = 19668 - 17068. What is the remainder when y is divided by 216?
8
Suppose t - 10 = -3*b, -t - 25*b + 21*b + 15 = 0. What is the remainder when 5 is divided by (-2)/(2/3) - t?
1
Let p = -54 - -88. Suppose 0 = -53*w + 166 + 152. Calculate the remainder when p is divided by w.
4
Suppose 3347 = z - 5*n, -2*n + 17253 = 5*z + 410. Calculate the remainder when z is divided by 10.
7
What is the remainder when 2881 is divided by (-394)/(-3) - 102/306?
130
Let b(k) = k**2 - 25*k + 55. Let o be b(24). Suppose 26*n = o*n - 100. Calculate the remainder when n is divided by 8.
4
Calculate the remainder when 457 is divided by -15*(111/(-9) + 12).
2
Let b(h) = h**3 + 7*h**2 - 89*h - 8. Calculate the remainder when b(9) is divided by 29.
23
Suppose -5*d + 4*d = -116. What is the remainder when d is divided by 24 + ((-4)/(-18) - (-416)/72)?
26
Let v = 5432 - 5345. What is the remainder when v is divided by 54?
33
Let b(w) = w**2 + 771*w + 4609. What is the remainder when 91 is divided by b(-6)?
15
Let c = 303 - -229. Suppose -495 = -537*u + c*u. Calculate the remainder when u is divided by 6.
3
Let r = -129 + 117. What is the remainder when r/(-2) + 3 + 130 is divided by 7?
6
Let t = -137 - -186. Suppose 9*a = 51 + 66. Calculate the remainder when t is divided by a.
10
Suppose 83*v = 67*v + 15808. Let u = 1016 - v. What is the remainder when 100 is divided by u?
16
Calculate the remainder when 825 is divided by 4 - ((-14 - 13) + -13).
33
Let g = -56 - -83. Let r = g - 7. Suppose 4 + r = 3*d. What is the remainder when 30 is divided by d?
6
Let p(f) = 4*f**2 + 37*f - 252. Calculate the remainder when p(6) is divided by (-1750)/(-49) - 4/(-14).
6
Let v(t) = -151*t - 19. Let n be v(-7). Suppose 6*j + 204 = n. What is the remainder when j is divided by 20?
19
Let b(x) = x**3 - 2*x**2 - 2*x + 3. Let y be (-1819)/85 + 4/10. Let p be 9/y*(0 - 7). Calculate the remainder when 14 is divided by b(p).
2
Let m(g) = g**3 + 13*g**2 - 7*g - 43. Let l be m(-12). Let b = l + -145. Calculate the remainder when 477 is divided by b.
37
Suppose -3*s + 3*d = -306 + 21, 4*s - 2*d - 372 = 0. Let k(a) = -a**3 + 7*a**2 + 5*a - 4. What is the remainder when s is divided by k(7)?
29
Let l = 225 - 222. Suppose 256 = -l*z + 271. Calculate the remainder when 52 is divided by z.
2
Suppose -4*h + 94 = -n, 0 = -0*n - n - 2. Suppose 0 = 10*u - 2*u. Suppose -5*p + z + 40 = 0, 0 = -u*z - z + 5. What is the remainder when h is divided by p?
5
Let p(o) = 78*o - 49. Let j be p(6). Let a = 768 - j. Calculate the remainder when a is divided by 14.
13
Suppose -4*g = 3*b - 310, b - 3*b + 4*g + 220 = 0. What is the remainder when b is divided by 39?
28
Suppose 43*b - 595 = 40*b + 4*h, b = -5*h + 211. Calculate the remainder when 1193 is divided by b.
188
Let r(x) = -4*x**3 - 87*x**2 + 22*x + 9. What is the remainder when 298 is divided by r(-22)?
1
Let s(v) be the third derivative of 7*v**5/20 - v**4/8 + 11*v**3/6 + 2*v**2 - 32. Calculate the remainder when s(-3) is divided by 42.
41
Suppose r = 5*v + 50, 5*r - 120 = 5*v - 6*v. Let k(o) = -40*o**2 + 5*o - 4. Let w be k(-3). Let n = -232 - w. Calculate the remainder when n is divided by r.
22
Let y(a) = 7*a - 5. Let u be y(1). Suppose 3*q - 212 = 211. What is the remainder when q is divided by (-13940)/(-476) + (u - (-32)/(-14))?
25
Suppose 41 = 3*g - 214. Suppose 1038 = 3*c - 3*v, -1703 = -298*c + 293*c + 2*v. What is the remainder when c is divided by g?
82
Suppose -5*z + 2*g = -222, 0 = 2*z - 2*g - 42 - 42. What is the remainder when -3*(-46)/(-4)*z/(-69) is divided by 10?
3
Suppose -27 + 55 = -4*d. Suppose 5 = 5*v + 2*t, -3*v = 2*t + 3 - 6. What is the remainder when (-60)/(-14) - d/((-637)/26) is divided by v?
0
Let q be 3 + (3/9 - (-12)/(-9)). Suppose -q*r - 3*r + 4*n = -158, -5*r + 5*n = -160. What is the remainder when 146 is divided by r?
26
Suppose -3*o + 5*k + 740 = 0, -3*o + 4*k - 785 = -6*o. Suppose -744*a - 85*a + 36476 = 0. Calculate the remainder when o is divided by a.
35
Suppose -4*n + 696 = -2*h, 3*n + 5*h - 870 = -2*n. Let f = n - 165. Calculate the remainder when (11/(-3))/(2*1/(-18)) is divided by f.
6
Let n = 7290 + -7191. Calculate the remainder when 505 is divided by n.
10
Suppose -14421*l = -14425*l + 6812. What is the remainder when l is divided by 11?
9
Let h(z) = 13*z**2 - z. Suppose 36*y - 38334 - 15846 = 0. Suppose -31*b + y + 696 = 0. What is the remainder when b is divided by h(1)?
11
Suppose 0 = 51*v - 2791 + 2179. What is the remainder when 3/3*3 + 24 is divided by v?
3
Suppose 10780 = 833*w - 822*w. Let z = -863 + w. Suppose t - 71 = -11. Calculate the remainder when z is divided by t.
57
Let g be (-2 + 1)*(14 - 13). Calculate the remainder when ((-231)/g)/((-33)/(-22)) is divided by 41.
31
Let k(m) = 205*m**2 + 254*m - 1267. Calculate the remainder when k(5) is divided by 90.
88
Suppose -3*j - 60*h + 65*h + 53 = 0, -3*j + 3*h + 69 = 0. Calculate the remainder when j is divided by -75*(8/(-6))/4.
6
Suppose x - 4*f - 28 = 0, -2*f + 2 = x - 2. Let h(v) = -2*v**3 + 23*v**2 + 28*v - 146. Calculate the remainder when h(12) is divided by x.
10
Let t be (-1)/(-10) - 58/(-20). Suppose 0 = 2*m + t*k - 43, 10*m - 5*m - 88 = -k. Calculate the remainder when 76 is divided by m.
8
Suppose -5*a = l - 0*a - 7, 0 = -4*l + a + 133. Suppose -2*b = -0 - l. What is the remainder when 236 is divided by b?
12
Suppose 161 = 5*z + 3*o - 127, -3*z - 5*o = -192. Calculate the remainder when 3833 is divided by z.
53
Let x = -11 - -34. Suppose -11*h + 50 = 6. Suppose 3*p + 4*m = 39, 5*p + 26 = 7*p + h*m. What is the remainder when x is divided by p?
10
Suppose 20*r = 833 - 34 + 381. What is the remainder when 271 is divided by r?
35
Let y = 112 + -276. Let x = 285 + y. Suppose -j - 2*j = -96. Calculate the remainder when x is divided by j.
25
What is the remainder when 117 is divided by (-76)/(-6)*(-6)/(-4) + -2 - -4?
12
Suppose -4*r = -5*f - 1062, -2*f - 432 = -0*f - 4*r. Let i = -124 - f. Calculate the remainder when i is divided by 10.
6
Let g be 2/9 + 644/18. Let j = g + -76. Calculate the remainder when 13 is divided by ((-6)/8)/(6/j).
3
Suppose 0 = -2*b - b. Suppose 5*l + 55 - 190 = b. Suppose 349*f - 353*f = -4*c - 416, 0 = -3*c. Calculate the remainder when f is divided by l.
23
Let h(b) = -38*b**2 + 4*b - 2. Suppose 2 = 2*j - 0. Let r be h(j). Let l = 9 - r. What is the remainder when l is divided by 17?
11
Let i(q) = 4*q**2 - 36*q + 41. Let h be i(8). Calculate the remainder when (60/h)/(-5)*(-51)/2 is divided by 16.
2
Suppose -189 = -6*p + 3*p - 5*r, -3*r = 3*p - 195. Let a = p + -29. Let c = a + 4. Calculate the remainder when c is divided by 22.
21
Let q(y) = 61*y - 4921. Calculate the remainder when 670 is divided by q(84).
61
Let t(j) be the first derivative of -j**4/4 + 4*j**3/3 + 24*j**2 + 9*j - 117. What is the remainder when 429 is divided by t(9)?
33
Let p be ((-3)/2)/(3/(-4)). Suppose -p*w + 14 = 4. Suppose -4*v = 5*y - 141, -3*y + w*v + 15 + 77 = 0. Calculate the remainder when 56 is divided by y.
27
Let x = -113 + 116. Suppose -4*l = w - 5, 5*w - x*l - 200 = -60. What is the remainder when 97 is divided by w?
22
Let z be (-42)/12*(-44)/7. Let i = z + -14. Calculate the remainder when 25 is divided by i.
1
Let d(b) = 3*b**2 + b - 2. Suppose -17*f + 46*f + 215*f = 33916. Calculate the remainder when f is divided by d(3).
27
Let v = 16432 + -15449. What is the remainder when v is divided by 106?
29
Let i(d) = d + 59. What is the remainder when 596 is divided by i(27)?
80
Suppose 4*i = 2*m + 99 - 325, -5*m = 2*i - 553. Let y be 5*(-6)/((-6)/7). Let c(a) = a**3 - 36*a**2 + 36*a - 7. What is the remainder when m is divided by c(y)?
27
What is the remainder when 1471 is divided by (7 - (-136 - -1)) + (-1 - -2) + 5?
139
Suppose 3*u - 7744 = -d - 2657, -4*u = 5*d - 6801. Calculate the rema